*2 - 2*l + 2. What is the tens digit of w(f)?
2
Suppose -3*i - 34 = 5*w + 24, -w - 3*i - 2 = 0. Let f = -9 - w. What is the units digit of f?
5
Let z(k) = -2*k**3 + 5*k + 4. Let u be z(-4). Suppose -3*i + u = i. What is the tens digit of i?
2
Suppose 2*q + 57 = 3*q. Suppose 2*i + 0*i = -2*j + 58, 3*i = 3*j - q. What is the units digit of j?
4
Let o be (-12)/(-102) - 83/(-17). Suppose o*z = 110 + 130. What is the tens digit of z?
4
Let k(t) = -t**2 - 8*t - 6. Let o be k(-6). Suppose a - s - 24 = 0, 0 = -a - 3*s + 14 + o. What is the units digit of a?
3
Suppose b + 5*t = -35, 5*b - t = t - 121. What is the units digit of -3 - b - -1*2?
4
Let j(s) = s**3 + 5*s**2 - s - 1. Let r be j(-4). Suppose 0 = 4*k - r - 9. What is the units digit of k?
7
Let g be -37 - (3 + -6 + 3). Let r = g - -62. What is the tens digit of r?
2
Let p = -7 - -12. Suppose -9 = -2*q - c, -5*q + c + 0*c = -p. Suppose 5*d - q*z - 46 = 0, 2*d + 0*z = z + 18. What is the units digit of d?
0
Let u(t) = 100*t - 2. What is the units digit of u(1)?
8
What is the hundreds digit of 226/1*-2*2/(-8)?
1
Suppose -3*h - 5*a - 5 = -h, 3*a = -3. Suppose 0 = 3*y - 15, h*b - 7 = 4*b - 3*y. What is the units digit of b?
2
Suppose -4*k + 41 = -3*k. What is the tens digit of k?
4
Suppose -d = d. Let f = 12 - d. What is the units digit of f?
2
What is the tens digit of ((-3)/6)/(2/(-108))?
2
Suppose 6*m - 2*m + 3*z = -50, -2*z = -4. Let x be (1 + -1)*(-7)/m. Suppose 3*i = -x*i + 12. What is the units digit of i?
4
Let q(x) = x**3 - 3*x**2 + 2*x - 1. Let b be q(3). Suppose -b*o + m = -496, 5*o - 352 = -2*m + 156. Suppose -5*z + 0*z + o = 0. What is the units digit of z?
0
Let u = -1 + 51. Suppose 5*y + 13 = 3*m - 5, -u = -4*m - 2*y. What is the tens digit of m?
1
Let y be 20/6 - 2/6. Suppose -4*v + 5*j - 17 = -2*v, -2*v + y = -j. What is the units digit of v?
4
What is the units digit of (-670)/(-8) - (27/(-12))/9?
4
Let i(z) be the first derivative of 3*z**5/10 + z**4/12 - z**2/2 + z - 4. Let a(t) be the first derivative of i(t). What is the units digit of a(1)?
6
Suppose 2*g - 27 = 3*g. Let d = 73 + g. What is the units digit of d?
6
Suppose 2*v - 299 = -5*b, 2*b = -v + 38 + 81. What is the tens digit of b?
6
Let q(x) = -x - 10. Let c be q(-10). Suppose c = -d + 2 + 1. What is the units digit of d?
3
Let p = -371 - -561. What is the tens digit of p?
9
Let u be (-3 + -1)*21/(-14). Let f(o) = 6*o**3 - o + 1. Let v(p) = 5*p**3 + p**2 + 2. Let t(c) = u*f(c) - 7*v(c). What is the units digit of t(8)?
8
Let s be 2/(-5) + (-1692)/45. Let m = s + 20. What is the units digit of 1/(52/m + 3)?
9
Suppose -4*n = -339 + 19. What is the units digit of n?
0
Let o(i) = i**2 - 8*i + 4. Let s be o(7). Let k(l) = -3*l + 3. What is the tens digit of k(s)?
1
Suppose 2*f + 3*d = -0*f + 191, -3*f + 4*d + 244 = 0. What is the units digit of f?
8
Suppose -2*n - 5*s = -84, 4*n - 145 = s + 1. What is the units digit of n?
7
Let d = 243 - 160. What is the tens digit of d?
8
Suppose -7 = 2*x + 9. Let i(s) = s**2 + 8*s + 10. What is the units digit of i(x)?
0
Let q(l) = l**2 + 9*l - 10. Let f be q(-10). Let m be f + 2 - (-1 + 5). Let x(c) = c**2 + 2*c + 2. What is the units digit of x(m)?
2
Suppose 4*t - 8 - 32 = 0. Let b = 29 - t. Suppose -b - 13 = -4*u. What is the units digit of u?
8
Let o = 11 - 7. Suppose 4*s + 6 = 3*q, 3*q - 1 - 5 = -o*s. Suppose 3*d - q*v = 6, 2*v + 2 = 2*d - 0*v. What is the units digit of d?
4
Suppose -4*k + 5*c + 63 = 4, -4*k = -4*c - 64. What is the tens digit of k?
2
Let b(j) = 39*j**2 + 4*j - 5. What is the hundreds digit of b(2)?
1
Let f(h) = -h**2 + 7*h + 10. Let k be f(8). Suppose -118 = -k*u - 44. Let x = 55 - u. What is the units digit of x?
8
Suppose 0 = n - 4*n + 6. Suppose 4*a = -4*h + 124, 3*a = -n*a + 4*h + 137. What is the units digit of a?
9
Let y be 271/(-7) + (-6)/21. Let m be 20/(-6) + 6/(-9). What is the tens digit of ((-4)/(-3))/m*y?
1
Let l(m) = 4*m**2 - 3*m + 4. Let k be l(6). Suppose -4*x = 5*t - k, 5*x - 20 = -t + 27. What is the units digit of t?
2
Suppose 12 + 2 = 2*n. Let y(h) be the first derivative of -h**3/3 + 9*h**2/2 - 7*h - 1. What is the units digit of y(n)?
7
Let h be 3/(0 - (-3)/(-2)). Suppose -36 = 5*b + 4*z, -z = 2*z + 12. What is the tens digit of (h - b)/(1/6)?
1
Let x(d) = d**3 - 4*d**2 - 3*d + 2. Let h be x(4). Let o = h - -17. What is the units digit of o?
7
What is the units digit of (-2)/3 + 1/3*266?
8
Let x(r) = 2*r - 3. Let t be x(-6). Let m = 39 + t. What is the tens digit of m?
2
Suppose -4*s - u = -2*u - 724, -181 = -s - 5*u. What is the hundreds digit of s?
1
Let z(c) = -2*c - 4. Let w be z(3). Let b be (-1 - 14/6)*-3. What is the units digit of 2/w - (-132)/b?
3
Let o be (-25)/(-4) - (-3)/(-12). Suppose y + x - o = -1, -4*x + 2 = 2*y. What is the units digit of y?
9
Let h(y) = -y**2 - 22*y + 1. What is the units digit of h(-15)?
6
What is the hundreds digit of 14/((-756)/(-17865)) + 1/6?
3
Let n(d) = d**3 + 5*d**2 + 4*d + 1. Suppose -2*b - 3 = 1, -3*o - 2*b = -8. Suppose j = -o*j - 20. What is the units digit of n(j)?
1
Let h(w) = -w**3 - 7*w**2 - 5*w + 7. Let l be h(-6). Let s be 2 + l*-2 - 3. What is the units digit of (s - -6) + -2 + 2?
3
Let r = 6 - 3. Let b(y) = y + 2. What is the units digit of b(r)?
5
Let y = -46 - -292. What is the tens digit of y?
4
Let z(u) = 3*u + 1. Let c be z(1). Let s = c + -3. Suppose s = 5*d - 9. What is the units digit of d?
2
Let n be (-4)/(-10) + (-1434)/(-15). Let x = n - 66. What is the units digit of x?
0
Let h(s) be the second derivative of -3*s**5/20 + s**4/6 - s**3/3 - 3*s**2/2 - s. Let p be h(-2). Let l = -23 + p. What is the units digit of l?
0
Suppose 2*q = 2 + 2. Suppose -q*m = 2*m - 3*t - 49, 25 = 5*t. What is the tens digit of m?
1
Let k = 334 - 173. What is the units digit of k?
1
Let h be 122/12 + 1/(-6). Let l(f) = 2*f**2 - 17*f - 1. What is the tens digit of l(h)?
2
Suppose -4*q + 6*q = -5*d + 356, 712 = 4*q - 2*d. What is the units digit of q?
8
Suppose 5*z - 344 = -3*i, -3*z + 5*z = 5*i + 150. What is the units digit of z?
0
Let m(f) = f**2 - 6*f + 5. Suppose -s = -6 - 1. What is the tens digit of m(s)?
1
Suppose 0*t = -2*t + 2. Let c be 2 - (2 + -2)/t. Suppose 2 = -g - 5*q - 8, 2*q + 16 = c*g. What is the units digit of g?
5
Let y(d) = -37*d - 1. Let b be y(-1). What is the tens digit of (-1)/(-2)*(b + -6)?
1
What is the units digit of (-12)/(-8) - 31/(-2)?
7
Let j(a) = -4*a + 13. What is the tens digit of j(-6)?
3
Suppose 8*w = 9*w - 291. What is the hundreds digit of w?
2
Let u(h) = -3*h + 5 + 2*h - h + 3*h. What is the tens digit of u(7)?
1
Suppose 23 = 3*z + 2*h, 3*z + 3*h = -0*z + 27. Let w be 222/z - (-6)/(-15). Suppose 4*g = -12 + w. What is the units digit of g?
8
Let j(s) = 5*s**2 + 8*s - 4. Let g(l) = -4*l**2 - 8*l + 5. Let t(m) = m - 5. Let i be t(8). Let y(f) = i*j(f) + 4*g(f). What is the tens digit of y(-7)?
1
Suppose -m + 137 = 5*q - 60, -3*q = -6. What is the units digit of m?
7
Let v = 1 - -1. Suppose 135 = -v*o - 3*o. Let w = 40 + o. What is the units digit of w?
3
What is the tens digit of -4 - 306*(4 + -5)?
0
Let l(u) = -7*u**2 + u + 1. Let g be l(-1). Let f = 0 - g. Suppose -2*r + 4*b + f - 1 = 0, 5*b - 17 = -r. What is the units digit of r?
7
Let l(x) = -4*x + 3. Let f be l(2). Let m = 70 - 50. What is the tens digit of f + -2 + 4 + m?
1
Suppose 0 = -29*j + 28*j + 100. What is the hundreds digit of j?
1
What is the tens digit of 0/6 - (-85)/1?
8
Let m = -13 + 7. Let w = m + 15. Suppose 0 = 4*l - 4*z + z - 19, -l = 2*z + w. What is the units digit of l?
1
Suppose 13 = 2*c + 3*f, -2*c + 3*c = 4*f - 10. Suppose 0 = 3*h - c*h - 6. Let p = h + 2. What is the units digit of p?
8
Suppose 0 = -5*t - 3*n - 36, 2*t - 11 + 44 = 5*n. Let p = -5 - t. Suppose r - 3*m + 2 = 0, p*r - 5 - 3 = 4*m. What is the units digit of r?
4
Let h = -14 + 21. Let s(b) = 3*b + 1. Let a be s(h). Suppose -20 = -i - 5*l, -2*i + a = 3*i - l. What is the units digit of i?
5
Suppose 0 = 3*k - 0 - 18. Let a = 15 - k. What is the units digit of a?
9
Let v = -3 + 1. Let n be v/5 - 2898/(-45). Suppose 2*h - n + 19 = 5*y, 4*h + 5*y = 15. What is the units digit of h?
0
Suppose 0 = 4*b - 3*b - 33. What is the units digit of b?
3
Let w be (30/(-8))/(1/4). Let d(v) = v**3 + 8*v**2 + 3*v - 3. Let s be d(-7). Let q